t j = 2 - 2. Is x(j) composite?
False
Let g(o) = 336*o - 1. Is g(1) prime?
False
Let j = 17 + 1. Let c = j + 6. Suppose 2*d = -0*h + 2*h - 34, -2*h + c = 3*d. Is h a composite number?
True
Let t be (8/12)/((-1)/(-3)). Let y(q) = 43*q**2 - 3*q + 1. Is y(t) a prime number?
True
Let z(r) = 3*r**2 + 6*r - 10. Let g be z(-7). Suppose 4*w = -4*v + 80, w - 2*w = -4*v + g. Is v a prime number?
True
Let v = -338 - -1379. Suppose 3*g = -0*g - 3*d + 1041, -3*g + d = -v. Is g a composite number?
False
Let g(v) = 107*v. Let h be g(3). Suppose -2*q - h = -2*f + 45, 2*f = q + 366. Suppose 2*x = 5*s + 301, -2*x + f + 112 = -3*s. Is x a composite number?
True
Suppose -m = -3*g + 254, -73 = -3*g + 2*g - 2*m. Is g a composite number?
False
Let q(n) = n + 5. Let t be q(11). Suppose -t = 4*r, -r = 5*w - 4*r - 1667. Is w prime?
True
Suppose -2*g + 2*p = -534, 5*p = -g - 2*g + 785. Is g a prime number?
False
Suppose 2*v + 2*p - 4 = 0, 0 = -4*v + 5*p + 2 - 3. Let a be -2*v/2 - -3. Suppose 3*u = -3*n + 60, 0 = -u + 2*u - a*n - 5. Is u a composite number?
True
Let o = 11 + -6. Suppose -2*j - 151 = -2*y - o*j, -5*y = 2*j - 405. Is y prime?
True
Let g = 175 - -2254. Is g prime?
False
Suppose -x - 561 = -4*x. Is x a prime number?
False
Let u(h) = 245*h - 7. Let s be u(2). Suppose -4*t + a - 579 = 752, 2*t + 648 = 4*a. Let p = s + t. Is p composite?
False
Let m = -10 + 14. Let k = -4 + m. Is 2/(-2)*k - -329 a composite number?
True
Is 9*4/24*46 composite?
True
Let r be (-4)/(2/1) + 7. Suppose -r*s + 330 + 100 = 0. Is s a composite number?
True
Is ((-6)/(-33) + (-20170)/(-22))/1 composite?
True
Suppose -2*l + 250 = -i, 0*i - 618 = -5*l - i. Suppose 0 = -4*j - 0*j - l. Let t = j + 86. Is t prime?
False
Suppose -3*m + 70 = -m. Is 1183/m + (-2)/(-10) a composite number?
True
Is -1*(-1)/(2/606) prime?
False
Let m be ((-590)/4)/((-2)/20). Suppose -6*v - m = -11*v. Is v a composite number?
True
Is (-3)/(-2) + 10/4 a prime number?
False
Let j = -9 - -11. Suppose -2*x + 256 = -3*i, j*x - i = -5*i + 228. Is x a prime number?
False
Let n(c) be the second derivative of c**5/20 - 2*c**4/3 - 2*c**3/3 + c**2/2 - 2*c. Suppose d - 4*y = -y + 21, 0 = -d - y + 5. Is n(d) composite?
True
Let v be (8 - 5)*58/6. Suppose -3*x + 172 = -v. Is x composite?
False
Let p = 4 + -1. Suppose -381 = -p*v - 0*v. Is v a composite number?
False
Suppose 5*u - 3 = 7. Suppose s = 3*m - 214 - 540, 0 = -u*m + 3*s + 491. Is m a prime number?
False
Is (-10974)/(-22) + 24/132 a composite number?
False
Let b be 3/6 - (-13)/2. Let t be 1266/(b/((-7)/(-2))). Suppose t - 188 = 5*n. Is n a prime number?
True
Suppose 3*w + 2*r - 2 = 0, w - 4*r - 6 = -2*r. Let a be 1*((-4 - -3) + 1). Suppose 4*l - w*l - 106 = a. Is l a composite number?
False
Let n be (-28)/(-10) + (-2)/(-10). Suppose 0 = h + m - 3 - 7, -2*h - m + 15 = 0. Is 405/h + n + -1 a composite number?
False
Let o(i) = -37*i - 3. Let j(v) = 56*v + 5. Let a(z) = 5*j(z) + 8*o(z). Suppose 3*w = 2*q + 16, 2*q + w - 12 = -3*w. Is a(q) a composite number?
True
Let a(v) = 8*v**2 + 2*v + 7. Let t(c) = 8*c**2 + c + 8. Let k(m) = 3*a(m) - 2*t(m). Is k(4) a prime number?
True
Let r(l) = 3*l**2 - 3*l + 2. Suppose -5*h = i - 16, 2*h - 4 = 6*h + 5*i. Is r(h) prime?
False
Suppose 25 = -2*l + 7*l. Suppose -l*p + 3985 = -0*p. Is p a prime number?
True
Let q = -775 + 1116. Is q a composite number?
True
Let p = 8 - 2. Let k(m) = -2*m - 6. Let d be k(p). Is ((-4)/6)/(4/d) prime?
True
Let b(l) = 232*l**3 + 2*l**2 - 1. Let n = 3 + 0. Suppose -3*k = n - 6. Is b(k) a prime number?
True
Let q(u) = u**3 + 15*u**2 - 11*u - 4. Is q(-15) composite?
True
Let f = 611 - 346. Is f a composite number?
True
Suppose -12*b + 12603 = -9*b. Is b a composite number?
False
Let m(p) = -p - 1. Suppose 0 = -7*i + 2*i - 5. Let x be m(i). Suppose x = 5*q - 171 + 56. Is q a composite number?
False
Let z = -151 - -228. Is z composite?
True
Suppose 0 = c - 2*c + 4, -5*c + 36 = -4*d. Is (815/10)/((-2)/d) prime?
True
Let c(q) = 6*q**2 + 7*q + 2. Suppose j = -2*l + 2*j - 12, -3*l = 3*j + 9. Let y be c(l). Let k = y + -80. Is k a prime number?
True
Let c be (8/3)/((-14)/(-21)). Suppose 4*i = -d + 98, i + 1 = c. Is d prime?
False
Let s(p) = p**3 + p**2 - 7*p + 1. Let c be s(5). Let w = c - 1. Is w prime?
False
Let t = 7 + -4. Suppose 10 = x + 5*y, x + 5*y = -t*x + 25. Suppose -4*c + 89 + 52 = -5*l, -2*l = -x*c + 172. Is c composite?
True
Suppose -4*k + 608 = -0*k + 3*t, 0 = -3*t + 12. Is k a prime number?
True
Let x(f) = -32*f + 6. Is x(-13) prime?
False
Suppose 4*k + 4385 = 9*k. Is k a prime number?
True
Suppose -2*h + 3*u + 544 = 0, 3*h + 3*u = u + 829. Let x = -126 + h. Is x composite?
False
Let z(b) = 0*b + 4*b + 28*b**2 + 3 - 9*b**2. Let x(k) = 9*k**2 + 2*k + 2. Let p(v) = -7*x(v) + 4*z(v). Is p(3) a prime number?
False
Let f(u) = u**2 + 7*u - 9. Let p be f(-9). Let w(v) = 3*v**2 - 4*v + 4. Is w(p) a composite number?
False
Let i(z) = -z**2 + z + 20. Let o be i(0). Suppose 9*r = 4*r + o. Suppose -3*t = -r*f + 43, -4*f + 5*f - t = 12. Is f composite?
False
Suppose 2*v + 539 = 4*k + 2309, -v = 4*k - 861. Suppose 82 = -3*p + 2*m + v, 3 = -m. Is p a prime number?
True
Suppose -4*i + 2 = -22. Suppose 53 = w - i. Is w a prime number?
True
Is 9748/6*15/10 a composite number?
False
Let i = 74 - 35. Suppose -i = -z - 4*q, -5*z = -4*q - q - 145. Is z a prime number?
True
Suppose -2*d + 242 = 2*i, i - 5*d - 104 - 5 = 0. Is i + -12 - (-2)/1 a composite number?
False
Suppose s + 3*s = 532. Is s a composite number?
True
Let i(h) = 47*h - 5. Let v(y) = -47*y + 4. Let t(g) = 3*i(g) + 4*v(g). Is t(-3) composite?
True
Suppose -3*s + 5*s = 0. Suppose 3*y - 5*y = s. Suppose 5*a + t - 232 = a, t + 4 = y. Is a prime?
True
Suppose 3*w = -2*u + 164 + 1650, 0 = -4*u - w + 3628. Is u a prime number?
True
Suppose 5*w - 4*g + 4 = 2*w, -g + 8 = w. Suppose 0 = -h + w*h - 144. Suppose 2*f = -f - 4*y + 33, -3*f + y = -h. Is f a prime number?
False
Suppose 3*f + 4*y = -y + 1, 0 = 3*f - 3*y - 9. Let n = 4 - f. Suppose 0 = n*k - 11 - 9. Is k prime?
False
Let j = -82 + 179. Is j a composite number?
False
Let l(a) = -a**2 + 7*a - 2. Let h be l(6). Suppose h*o + 197 = -307. Let v = o + 245. Is v prime?
False
Suppose 2*k = 5*u + 2061, -5*u + u = -20. Is k a prime number?
False
Let o be (-1 - (2 + -4))*4. Let h(m) = m**2 - 4*m + 2. Let r be h(o). Suppose 0*j = r*j - 110. Is j composite?
True
Let f = 3 - 7. Let h be (-2560)/(-24) - 4/6. Is (h/8)/((-1)/f) a prime number?
True
Let g(z) = 2*z**2 - 7*z - 7. Is g(-4) composite?
False
Let u(h) = -h + 7. Let f be u(5). Is 13 + (-2 + f)/(-3) a composite number?
False
Suppose -2*m + 208 = -310. Is m a composite number?
True
Let m(c) be the third derivative of c**7/2520 + c**6/720 + 13*c**5/120 + c**4/12 + 2*c**2. Let y(l) be the second derivative of m(l). Is y(0) composite?
False
Is (-2781)/(-7) - 10/35 prime?
True
Suppose 3*u + 0*z + 283 = 2*z, -u - 90 = -5*z. Let y = u - -192. Is y a prime number?
True
Let b(n) = n. Let p be b(13). Let m = 17 - p. Is m a prime number?
False
Suppose 371 = 7*y - 126. Is y composite?
False
Let l = 2059 - 3488. Let b = -638 - l. Is b a prime number?
False
Let o = -48 - -128. Let x = o + -55. Is x prime?
False
Let b be (-14)/84 - (-110)/12. Let w = 9 - 14. Let z = b + w. Is z composite?
True
Suppose 24 - 79 = -5*q. Suppose q = -3*n + 32. Is n composite?
False
Let d(p) = p**3 + 6*p**2 + 3*p - 6. Let n be d(-5). Is 1 + 19 + n + -2 a composite number?
True
Suppose 2*l = -6 + 2, 4*l + 24 = 4*h. Suppose -37 = -4*t + s, -h*t + 22 = s - 13. Is (-6)/t - (-59)/3 a composite number?
False
Suppose -2*s - 4*p + 138 = -p, 5*p + 320 = 5*s. Suppose -j + 29 = -2*j. Let t = s + j. Is t prime?
True
Suppose -7*g + 324 = 2. Is g a composite number?
True
Suppose 0 = 6*u - 2*u - 3728. Is u/7 + (-4)/28 composite?
True
Let d = -13 - -8. Let c be (5 + 1)/(-3 - d). Suppose 2*a = -5*y + 69, c*a = 5*y - 10 + 126. Is a prime?
True
Let l(o) = -879*o - 11. Is l(-4) composite?
True
Let n(w) = -w**3 + 9*w**2 - 8*w + 2. Let b be n(8). Let k be (-2)/(-1*b)*5. Suppose -2*u + 4*u = -a, -a - k*u - 3 = 0. Is a composite?
False
Let b(i) = 33*i**2 + 14*i + 54. Is b(13) a composite number?
False
Let v = 643 + -252. Is v a composite number?
True
Suppose 5*y - 5*h - 199 = 191, -y + 93 = 2*h. Is y a prime number?
True
Is 